{"id":114568,"date":"2015-01-05T17:30:00","date_gmt":"2015-01-05T22:30:00","guid":{"rendered":"https:\/\/cscc-sccc.ca\/event\/2015-charge-de-cours-en-medecine-des-soins-intensifs\/"},"modified":"2024-05-31T12:42:03","modified_gmt":"2024-05-31T16:42:03","slug":"2015-charge-de-cours-en-medecine-des-soins-intensifs","status":"publish","type":"event","link":"https:\/\/cscc-sccc.ca\/fr\/event\/2015-charge-de-cours-en-medecine-des-soins-intensifs\/","title":{"rendered":"2015 Charg\u00e9 de cours en m\u00e9decine des soins intensifs"},"content":{"rendered":"<div id=\"advanced-editor-block_e24692e00de0aa0718a874f87f501a9d\" class=\"wrap-block advanced-editor page_id_114568\">\r\n    <div class=\"grid-container vertical-padding\">\r\n        <div class=\"grid-x\">\r\n            \t\t\t\t\t\r\n                    <div class=\"cell large-12 medium-12 small-12  \" data-column-number=\"1\">\r\n                        <p><strong>Webinaire du CSCC sur la m\u00e9decine des soins intensifs <\/strong><\/p>\n<p><strong>Jeudi 12 f\u00e9vrier 2015  <\/strong><\/p>\n<p>08 h 30 (Colombie-Britannique) \/ 09 h 30 (Alberta) et SK\/10 h 30 (Manitoba)\/11 h 30 (Ontario) et Qu\u00e9bec\/12 h 30 (Nouvelle-\u00c9cosse) et Nouveau-Brunswick\/13 h 00 (Terre-Neuve-et-Labrador)<\/p>\n<p><em>Commandit\u00e9 par<\/em><\/p>\n<p><a href=\"http:\/\/www.instrumentationlaboratory.com\/ilww\/country%20contacts\/us%20canada%20latin%20america\/canada.aspx\"><img loading=\"lazy\" decoding=\"async\" src=\"https:\/\/cscc-sccc.ca\/wp-content\/uploads\/IL_logo2.jpg\" alt=\"Logo de l\u2019IL2\" width=\"200\" height=\"53\"><\/a><\/p>\n<p>&nbsp;<\/p>\n<p><strong>Prise en charge en laboratoire des patients atteints de  <\/strong><\/p>\n<p><strong>Maladie \u00e0 virus Ebola<\/strong><\/p>\n<p>Orateur:<\/p>\n<p><strong>Dre Colleen S. Kraft<\/strong><\/p>\n<p>Directeur m\u00e9dical, section microbiologie de l&#8217;<br \/>\nLaboratoires m\u00e9dicaux Emory<\/p>\n<p><a href=\"images\/Conf\u00e9rences\/CCRegistrationForm2015.pdf\"><strong>Formulaire d\u2019inscription<\/strong><\/a><\/p>\n<p>Il n\u2019y a pas de frais pour assister \u00e0 cette conf\u00e9rence mais il est n\u00e9cessaire de s\u2019inscrire<\/p>\n<p>Les patients rapatri\u00e9s dans les pays d\u00e9velopp\u00e9s b\u00e9n\u00e9ficient de soins qualifi\u00e9s de haut niveau disponibles dans ces pays. Le soutien du laboratoire dans les soins de ces patients est essentiel et pr\u00e9sente un certain nombre de probl\u00e8mes li\u00e9s \u00e0 la s\u00e9curit\u00e9 du personnel clinique et du personnel de laboratoire.<\/p>\n<p>A l&#8217;issue de cette session, les participants seront en mesure de :<\/p>\n<p>1) discuter des niveaux d\u2019\u00e9quipement de protection individuelle pour le personnel de laboratoire<br \/>\n2) comprendre les tests essentiels pour le soutien des patients atteints de la maladie \u00e0 virus Ebola<br \/>\n3) discuter de la dotation en personnel de laboratoire pour les soins aux patients atteints du virus Ebola.<\/p>\n<p><strong>Colleen S. Kraft MD<\/strong> est professeure adjointe au D\u00e9partement de pathologie et de m\u00e9decine de laboratoire et professeure adjointe \u00e0 la Division des maladies infectieuses. Elle est directrice m\u00e9dicale de la section de microbiologie des laboratoires m\u00e9dicaux Emory. Elle a \u00e9t\u00e9 m\u00e9decin sp\u00e9cialiste des maladies infectieuses dans l\u2019unit\u00e9 des maladies transmissibles graves et a assur\u00e9 la liaison avec le laboratoire clinique.<\/p>\n                    <\/div>\r\n                        <\/div>\r\n    <\/div><!-- .grid-container -->\r\n<\/div><!-- .wrapBlock.advanced-editor -->","protected":false},"featured_media":107777,"template":"","class_list":["post-114568","event","type-event","status-publish","has-post-thumbnail","hentry"],"acf":[],"_links":{"self":[{"href":"https:\/\/cscc-sccc.ca\/fr\/wp-json\/wp\/v2\/event\/114568","targetHints":{"allow":["GET"]}}],"collection":[{"href":"https:\/\/cscc-sccc.ca\/fr\/wp-json\/wp\/v2\/event"}],"about":[{"href":"https:\/\/cscc-sccc.ca\/fr\/wp-json\/wp\/v2\/types\/event"}],"wp:featuredmedia":[{"embeddable":true,"href":"https:\/\/cscc-sccc.ca\/fr\/wp-json\/wp\/v2\/media\/107777"}],"wp:attachment":[{"href":"https:\/\/cscc-sccc.ca\/fr\/wp-json\/wp\/v2\/media?parent=114568"}],"curies":[{"name":"wp","href":"https:\/\/api.w.org\/{rel}","templated":true}]}}

2015 Chargé de cours en médecine des soins intensifs

<div id="advanced-editor-block_e24692e00de0aa0718a874f87f501a9d" class="wrap-block advanced-editor page_id_114568">
    <div class="grid-container vertical-padding">
        <div class="grid-x">
            					
                    <div class="cell large-12 medium-12 small-12  " data-column-number="1">
                        <p><strong>Webinaire du CSCC sur la médecine des soins intensifs </strong></p>
<p><strong>Jeudi 12 février 2015  </strong></p>
<p>08 h 30 (Colombie-Britannique) / 09 h 30 (Alberta) et SK/10 h 30 (Manitoba)/11 h 30 (Ontario) et Québec/12 h 30 (Nouvelle-Écosse) et Nouveau-Brunswick/13 h 00 (Terre-Neuve-et-Labrador)</p>
<p><em>Commandité par</em></p>
<p><a href="http://www.instrumentationlaboratory.com/ilww/country%20contacts/us%20canada%20latin%20america/canada.aspx"><img loading="lazy" decoding="async" src="https://cscc-sccc.ca/wp-content/uploads/IL_logo2.jpg" alt="Logo de l’IL2" width="200" height="53"></a></p>
<p>&nbsp;</p>
<p><strong>Prise en charge en laboratoire des patients atteints de  </strong></p>
<p><strong>Maladie à virus Ebola</strong></p>
<p>Orateur:</p>
<p><strong>Dre Colleen S. Kraft</strong></p>
<p>Directeur médical, section microbiologie de l&#8217;<br />
Laboratoires médicaux Emory</p>
<p><a href="images/Conférences/CCRegistrationForm2015.pdf"><strong>Formulaire d’inscription</strong></a></p>
<p>Il n’y a pas de frais pour assister à cette conférence mais il est nécessaire de s’inscrire</p>
<p>Les patients rapatriés dans les pays développés bénéficient de soins qualifiés de haut niveau disponibles dans ces pays. Le soutien du laboratoire dans les soins de ces patients est essentiel et présente un certain nombre de problèmes liés à la sécurité du personnel clinique et du personnel de laboratoire.</p>
<p>A l&#8217;issue de cette session, les participants seront en mesure de :</p>
<p>1) discuter des niveaux d’équipement de protection individuelle pour le personnel de laboratoire<br />
2) comprendre les tests essentiels pour le soutien des patients atteints de la maladie à virus Ebola<br />
3) discuter de la dotation en personnel de laboratoire pour les soins aux patients atteints du virus Ebola.</p>
<p><strong>Colleen S. Kraft MD</strong> est professeure adjointe au Département de pathologie et de médecine de laboratoire et professeure adjointe à la Division des maladies infectieuses. Elle est directrice médicale de la section de microbiologie des laboratoires médicaux Emory. Elle a été médecin spécialiste des maladies infectieuses dans l’unité des maladies transmissibles graves et a assuré la liaison avec le laboratoire clinique.</p>
                    </div>
                        </div>
    </div><!-- .grid-container -->
</div><!-- .wrapBlock.advanced-editor -->
