{"id":114545,"date":"2018-11-05T02:59:10","date_gmt":"2018-11-05T07:59:10","guid":{"rendered":"https:\/\/cscc-sccc.ca\/event\/conference-2019-sur-les-maladies-cardiovasculaires\/"},"modified":"2024-05-31T12:41:00","modified_gmt":"2024-05-31T16:41:00","slug":"conference-2019-sur-les-maladies-cardiovasculaires","status":"publish","type":"event","link":"https:\/\/cscc-sccc.ca\/fr\/event\/conference-2019-sur-les-maladies-cardiovasculaires\/","title":{"rendered":"Conf\u00e9rence 2019 sur les maladies cardiovasculaires"},"content":{"rendered":"<div id=\"advanced-editor-block_839d63450982b970dca8ff71f6674087\" class=\"wrap-block advanced-editor page_id_114545\">\r\n    <div class=\"grid-container vertical-padding\">\r\n        <div class=\"grid-x\">\r\n            \t\t\t\t\t\r\n                    <div class=\"cell large-12 medium-12 small-12  \" data-column-number=\"1\">\r\n                        <p><strong>Conf\u00e9rence webinaire du CCSC sur les maladies cardiovasculaires  <\/strong><\/p>\n<p><strong>Jeudi 7 f\u00e9vrier 2019<\/strong><\/p>\n<p>11 h 00 PT \/ 12 h 00 HR \/ 13 h 00 CT \/ 14 h 00 HE \/ 15 H 00 AT \/ 15 H 30 NL<\/p>\n<p>&nbsp;<\/p>\n<p><em>Commandit\u00e9 par<\/em><\/p>\n<p><a href=\"https:\/\/www.ca.abbott\/\" target=\"_blank\" rel=\"noopener noreferrer\"><img decoding=\"async\" src=\"https:\/\/cscc-sccc.ca\/wp-content\/uploads\/abbott150x50.jpg\" alt=\"Laboratoires Abbott\"><\/a><\/p>\n<p>&nbsp;<\/p>\n<p><strong>La quatri\u00e8me \u00e9dition de la d\u00e9finition universelle de l\u2019IM : consensus et controverse<\/strong><\/p>\n<p>Orateur:<\/p>\n<p><strong>Dr Joseph Alpert, M.D.<\/strong><br \/>\nprofesseur de m\u00e9decine, facult\u00e9 de m\u00e9decine de l\u2019Universit\u00e9 de l\u2019Arizona, Tucson, Arizona ;<br \/>\nR\u00e9dacteur en chef, The American Journal of Medicine<\/p>\n<p>&nbsp;<\/p>\n<p><strong><em>Il n\u2019y a pas de frais pour assister \u00e0 cette conf\u00e9rence mais il est n\u00e9cessaire de s\u2019inscrire (faites d\u00e9filer vers le bas).<\/em><\/strong><\/p>\n<p>&nbsp;<\/p>\n<p>La 4e \u00e9dition de la d\u00e9finition universelle de l\u2019EM contient un certain nombre de nouveaux concepts :<\/p>\n<ol>\n<li>L\u00e9sion myocardique non isch\u00e9mique ;<\/li>\n<li>Diff\u00e9rencier l\u2019IM de type 1 du type 2 ;<\/li>\n<li>L\u2019utilisation du dosage de la troponine \u00e0 haute sensibilit\u00e9&nbsp;;<\/li>\n<li>L\u2019utilisation de l\u2019IRM et d\u2019autres entit\u00e9s diagnostiques dans le diagnostic de l\u2019IM.<\/li>\n<\/ol>\n<p>Le groupe de travail qui a pr\u00e9par\u00e9 le document est parvenu \u00e0 un consensus sur de nombreuses questions. Cependant, des zones de controverse demeurent.<\/p>\n<p>&nbsp;<\/p>\n<p><strong>Objectifs d\u2019apprentissage :<\/strong><\/p>\n<p>A l&#8217;issue de cette session, les participants seront en mesure de :<\/p>\n<ol>\n<li>D\u00e9crire le concept de l\u00e9sion myocardique non isch\u00e9mique.<\/li>\n<li>Diff\u00e9rencier l\u2019IM de type 1 et de type 2.<\/li>\n<li>Expliquer l\u2019utilisation du test de troponine \u00e0 haute sensibilit\u00e9.<\/li>\n<\/ol>\n<p>&nbsp;<\/p>\n<p><img decoding=\"async\" src=\"https:\/\/cscc-sccc.ca\/wp-content\/uploads\/alpert100x150.jpg\" alt=\"Joseph Alpert\" align=\"right\"><strong>Joseph S. Alpert, MD,<\/strong> est professeur de m\u00e9decine au d\u00e9partement de m\u00e9decine de la facult\u00e9 de m\u00e9decine de l\u2019Universit\u00e9 de l\u2019Arizona (UA COM) \u00e0 Tucson et r\u00e9dacteur en chef de l\u2019American Journal of Medicine.<br \/>\nLe Dr Alpert est titulaire d\u2019un baccalaur\u00e9at de l\u2019Universit\u00e9 Yale et d\u2019un doctorat en m\u00e9decine de la Harvard Medical School. Il a effectu\u00e9 un internat, une r\u00e9sidence et une bourse de recherche \u00e0 l\u2019h\u00f4pital Brigham de Boston. Il a ensuite \u00e9t\u00e9 directeur de l\u2019unit\u00e9 de soins intensifs au Naval Regional Medical Center de San Diego et professeur adjoint de m\u00e9decine \u00e0 l\u2019Universit\u00e9 de Californie \u00e0 San Diego. Le Dr Alpert est ensuite retourn\u00e9 \u00e0 Boston en tant que directeur de l\u2019unit\u00e9 cardiaque Samuel A. Levine \u00e0 l\u2019h\u00f4pital Brigham. De 1978 \u00e0 1992, il a \u00e9t\u00e9 professeur et directeur de la division de m\u00e9decine cardiovasculaire \u00e0 la facult\u00e9 de m\u00e9decine de l\u2019Universit\u00e9 du Massachusetts. De 1992 \u00e0 2006, il a \u00e9t\u00e9 professeur et chef du service de m\u00e9decine \u00e0 l\u2019UA COM.<br \/>\nLe Dr Alpert est titulaire d\u2019une ma\u00eetrise de l\u2019American College of Physicians et membre de l\u2019American Heart Association, de l\u2019American College of Cardiology (ACC), de l\u2019American College of Chest Physicians et de la Soci\u00e9t\u00e9 europ\u00e9enne de cardiologie. Il a re\u00e7u de nombreux prix d\u2019excellence en enseignement de l\u2019h\u00f4pital Peter Brent Brigham, de la marine am\u00e9ricaine, de l\u2019Universit\u00e9 du Massachusetts et de la facult\u00e9 de m\u00e9decine de l\u2019Universit\u00e9 de l\u2019Arizona. En 2004, il a re\u00e7u le prix de l\u2019enseignant dou\u00e9 de l\u2019ACC. Il a si\u00e9g\u00e9 aux conseils d\u2019administration de l\u2019ACC, de l\u2019American Board of Internal Medicine et de l\u2019Association des professeurs d\u2019universit\u00e9. Il est l\u2019auteur et\/ou l\u2019\u00e9diteur de 50 livres et monographies et de plus de 700 publications. Il est le r\u00e9dacteur en chef de l\u2019American Journal of Medicine.<\/p>\n<p>&nbsp;<\/p>\n<p>&nbsp;<\/p>\n<p>&nbsp;<\/p>\n                    <\/div>\r\n                        <\/div>\r\n    <\/div><!-- .grid-container -->\r\n<\/div><!-- .wrapBlock.advanced-editor -->","protected":false},"featured_media":107790,"template":"","class_list":["post-114545","event","type-event","status-publish","has-post-thumbnail","hentry"],"acf":[],"_links":{"self":[{"href":"https:\/\/cscc-sccc.ca\/fr\/wp-json\/wp\/v2\/event\/114545","targetHints":{"allow":["GET"]}}],"collection":[{"href":"https:\/\/cscc-sccc.ca\/fr\/wp-json\/wp\/v2\/event"}],"about":[{"href":"https:\/\/cscc-sccc.ca\/fr\/wp-json\/wp\/v2\/types\/event"}],"wp:featuredmedia":[{"embeddable":true,"href":"https:\/\/cscc-sccc.ca\/fr\/wp-json\/wp\/v2\/media\/107790"}],"wp:attachment":[{"href":"https:\/\/cscc-sccc.ca\/fr\/wp-json\/wp\/v2\/media?parent=114545"}],"curies":[{"name":"wp","href":"https:\/\/api.w.org\/{rel}","templated":true}]}}

Conférence 2019 sur les maladies cardiovasculaires

<div id="advanced-editor-block_839d63450982b970dca8ff71f6674087" class="wrap-block advanced-editor page_id_114545">
    <div class="grid-container vertical-padding">
        <div class="grid-x">
            					
                    <div class="cell large-12 medium-12 small-12  " data-column-number="1">
                        <p><strong>Conférence webinaire du CCSC sur les maladies cardiovasculaires  </strong></p>
<p><strong>Jeudi 7 février 2019</strong></p>
<p>11 h 00 PT / 12 h 00 HR / 13 h 00 CT / 14 h 00 HE / 15 H 00 AT / 15 H 30 NL</p>
<p>&nbsp;</p>
<p><em>Commandité par</em></p>
<p><a href="https://www.ca.abbott/" target="_blank" rel="noopener noreferrer"><img decoding="async" src="https://cscc-sccc.ca/wp-content/uploads/abbott150x50.jpg" alt="Laboratoires Abbott"></a></p>
<p>&nbsp;</p>
<p><strong>La quatrième édition de la définition universelle de l’IM : consensus et controverse</strong></p>
<p>Orateur:</p>
<p><strong>Dr Joseph Alpert, M.D.</strong><br />
professeur de médecine, faculté de médecine de l’Université de l’Arizona, Tucson, Arizona ;<br />
Rédacteur en chef, The American Journal of Medicine</p>
<p>&nbsp;</p>
<p><strong><em>Il n’y a pas de frais pour assister à cette conférence mais il est nécessaire de s’inscrire (faites défiler vers le bas).</em></strong></p>
<p>&nbsp;</p>
<p>La 4e édition de la définition universelle de l’EM contient un certain nombre de nouveaux concepts :</p>
<ol>
<li>Lésion myocardique non ischémique ;</li>
<li>Différencier l’IM de type 1 du type 2 ;</li>
<li>L’utilisation du dosage de la troponine à haute sensibilité&nbsp;;</li>
<li>L’utilisation de l’IRM et d’autres entités diagnostiques dans le diagnostic de l’IM.</li>
</ol>
<p>Le groupe de travail qui a préparé le document est parvenu à un consensus sur de nombreuses questions. Cependant, des zones de controverse demeurent.</p>
<p>&nbsp;</p>
<p><strong>Objectifs d’apprentissage :</strong></p>
<p>A l&#8217;issue de cette session, les participants seront en mesure de :</p>
<ol>
<li>Décrire le concept de lésion myocardique non ischémique.</li>
<li>Différencier l’IM de type 1 et de type 2.</li>
<li>Expliquer l’utilisation du test de troponine à haute sensibilité.</li>
</ol>
<p>&nbsp;</p>
<p><img decoding="async" src="https://cscc-sccc.ca/wp-content/uploads/alpert100x150.jpg" alt="Joseph Alpert" align="right"><strong>Joseph S. Alpert, MD,</strong> est professeur de médecine au département de médecine de la faculté de médecine de l’Université de l’Arizona (UA COM) à Tucson et rédacteur en chef de l’American Journal of Medicine.<br />
Le Dr Alpert est titulaire d’un baccalauréat de l’Université Yale et d’un doctorat en médecine de la Harvard Medical School. Il a effectué un internat, une résidence et une bourse de recherche à l’hôpital Brigham de Boston. Il a ensuite été directeur de l’unité de soins intensifs au Naval Regional Medical Center de San Diego et professeur adjoint de médecine à l’Université de Californie à San Diego. Le Dr Alpert est ensuite retourné à Boston en tant que directeur de l’unité cardiaque Samuel A. Levine à l’hôpital Brigham. De 1978 à 1992, il a été professeur et directeur de la division de médecine cardiovasculaire à la faculté de médecine de l’Université du Massachusetts. De 1992 à 2006, il a été professeur et chef du service de médecine à l’UA COM.<br />
Le Dr Alpert est titulaire d’une maîtrise de l’American College of Physicians et membre de l’American Heart Association, de l’American College of Cardiology (ACC), de l’American College of Chest Physicians et de la Société européenne de cardiologie. Il a reçu de nombreux prix d’excellence en enseignement de l’hôpital Peter Brent Brigham, de la marine américaine, de l’Université du Massachusetts et de la faculté de médecine de l’Université de l’Arizona. En 2004, il a reçu le prix de l’enseignant doué de l’ACC. Il a siégé aux conseils d’administration de l’ACC, de l’American Board of Internal Medicine et de l’Association des professeurs d’université. Il est l’auteur et/ou l’éditeur de 50 livres et monographies et de plus de 700 publications. Il est le rédacteur en chef de l’American Journal of Medicine.</p>
<p>&nbsp;</p>
<p>&nbsp;</p>
<p>&nbsp;</p>
                    </div>
                        </div>
    </div><!-- .grid-container -->
</div><!-- .wrapBlock.advanced-editor -->
